{"id":287,"date":"2024-10-15T13:29:33","date_gmt":"2024-10-15T13:29:33","guid":{"rendered":"https:\/\/syndikatdesmouettes.com\/blogsdm\/?page_id=287"},"modified":"2024-11-29T10:10:41","modified_gmt":"2024-11-29T10:10:41","slug":"accueil","status":"publish","type":"page","link":"https:\/\/syndikatdesmouettes.com\/blogsdm\/","title":{"rendered":"Accueil"},"content":{"rendered":"\n<h1>\n\t\tS.D.M\n\t<\/h1>\n<h1>\n\t\tConseil &#8211; Expertise &#8211;\n\t\tAccompagnement\n\t\t\t\t<\/h1>\t\n\t<h1><!--\n\t--><!--\t-->\u00c9v\u00e8nementielCommunicationInformatique \u00e9thiqueR\u00e9gie<!--\n\t-->\n\t<\/h1>\n\t\t<img decoding=\"async\" src=\"https:\/\/syndikatdesmouettes.com\/blogsdm\/wp-content\/uploads\/2020\/06\/mouettegf.png\" alt=\"mouettegf\" itemprop=\"image\"\/>\n\t<p>Pr\u00e9sent \u00e0 la fois dans le domaine de l&rsquo;\u00e9v\u00e8nementiel et des outils num\u00e9riques, nous mettons nos comp\u00e9tences et notre vision au service des personnes qui font vivre des projets.<\/p>\n<p>&nbsp;<\/p>\n<p>Prendre en compte l&rsquo;histoire de votre organisation, les personnes qui la composent, vos enjeux, vos objectifs, vos valeurs, afin de vous proposer le meilleur accompagnement pour concr\u00e9tiser vos projets.<\/p>\n\t<p><strong>S.D.M Events<\/strong><\/p>\n<hr \/>\n<p>Le SDM vous propose un accompagnement personnalis\u00e9 dans la r\u00e9alisation de votre projet, allant de la simple mise \u00e0 disposition de mat\u00e9riel \u00e0 l&rsquo;accompagnement complet en amont pendant et apr\u00e8s votre \u00e9v\u00e8nement selon vos besoins.<\/p>\n<p>Nous cheminons ensemble avec vos envies et vos id\u00e9es qui guident notre \u00e9quipe pour r\u00e9aliser l&rsquo;\u00e9v\u00e8nement dont vous r\u00eavez.<\/p>\n<p>\u00a0<\/p>\n\t\t\t<a href=\"https:\/\/sdm-events.com\" target=\"_blank\" rel=\"noopener\">\n\t\t\t\t\t\t\tEn savoir +\n\t\t\t\t\t<\/a>\n\t\t\t\t<img loading=\"lazy\" decoding=\"async\" src=\"https:\/\/syndikatdesmouettes.com\/blogsdm\/wp-content\/uploads\/2020\/06\/IMG_2734-scaled.jpg\" alt=\"IMG_2734\" itemprop=\"image\" height=\"1696\" width=\"2560\" title=\"IMG_2734\" onerror=\"this.style.display='none'\"  \/>\n\t\t\t\t<img loading=\"lazy\" decoding=\"async\" src=\"https:\/\/syndikatdesmouettes.com\/blogsdm\/wp-content\/uploads\/2024\/09\/pexels-petri-r-2909551-4930548-scaled.jpg\" alt=\"pexels-petri-r-2909551-4930548\" itemprop=\"image\" height=\"1707\" width=\"2560\" title=\"pexels-petri-r-2909551-4930548\" onerror=\"this.style.display='none'\"  \/>\n\t<h2><strong>S.D.M IT<\/strong><\/h2>\n<hr \/>\n<p>Nous travaillons avec des outils collaboratifs informatiques \u00e9thiques, responsable et respectueux des donn\u00e9e personnelles.<\/p>\n<p>Nous proposons d&rsquo;accompagner votre organisation dans une transitions vers un environnement num\u00e9rique plus s\u00fbr, plus personnalis\u00e9s et plus responsables.<\/p>\n\t\t\t<a href=\"https:\/\/sdm-it.com\" target=\"_blank\" rel=\"noopener\">\n\t\t\t\t\t\t\tEn savoir +\n\t\t\t\t\t<\/a>\n\t<h2>Le SDM c&rsquo;est :<br \/>\n<\/h2>\n\t\t\t\t\tD\n\t\t25\n\t<p><strong>Ann\u00e9es d&rsquo;exp\u00e9rience<\/strong> <\/p>\n\t\t\t\t\t+ de\n\t\t150\n\t<p><strong>Projets accompagn\u00e9s avec succ\u00e8s<\/strong><\/p>\n\t<p>Ils nous ont fait confiance\u00a0<\/p>\n\n","protected":false},"excerpt":{"rendered":"<p>S.D.M Conseil &#8211; Expertise &#8211; Accompagnement \u00c9v\u00e8nementielCommunicationInformatique \u00e9thiqueR\u00e9gie Pr\u00e9sent \u00e0 la fois dans le domaine de l&rsquo;\u00e9v\u00e8nementiel et des outils num\u00e9riques, nous mettons nos comp\u00e9tences et notre vision au service des personnes qui font vivre des projets. &nbsp; Prendre en compte l&rsquo;histoire de votre organisation, les personnes qui la composent, vos enjeux, vos objectifs, vos&hellip;<\/p>\n","protected":false},"author":5,"featured_media":0,"parent":0,"menu_order":0,"comment_status":"closed","ping_status":"closed","template":"","meta":{"footnotes":""},"class_list":["post-287","page","type-page","status-publish","hentry"],"_links":{"self":[{"href":"https:\/\/syndikatdesmouettes.com\/blogsdm\/wp-json\/wp\/v2\/pages\/287","targetHints":{"allow":["GET"]}}],"collection":[{"href":"https:\/\/syndikatdesmouettes.com\/blogsdm\/wp-json\/wp\/v2\/pages"}],"about":[{"href":"https:\/\/syndikatdesmouettes.com\/blogsdm\/wp-json\/wp\/v2\/types\/page"}],"author":[{"embeddable":true,"href":"https:\/\/syndikatdesmouettes.com\/blogsdm\/wp-json\/wp\/v2\/users\/5"}],"replies":[{"embeddable":true,"href":"https:\/\/syndikatdesmouettes.com\/blogsdm\/wp-json\/wp\/v2\/comments?post=287"}],"version-history":[{"count":5,"href":"https:\/\/syndikatdesmouettes.com\/blogsdm\/wp-json\/wp\/v2\/pages\/287\/revisions"}],"predecessor-version":[{"id":302,"href":"https:\/\/syndikatdesmouettes.com\/blogsdm\/wp-json\/wp\/v2\/pages\/287\/revisions\/302"}],"wp:attachment":[{"href":"https:\/\/syndikatdesmouettes.com\/blogsdm\/wp-json\/wp\/v2\/media?parent=287"}],"curies":[{"name":"wp","href":"https:\/\/api.w.org\/{rel}","templated":true}]}}